    {"version":"1.0","provider_name":"K-TALENT: Holistic Remote Working Solutions","provider_url":"https:\/\/kombatalent.com\/de\/","author_name":"kombaroot","author_url":"https:\/\/kombatalent.com\/de\/author\/kombaroot\/","title":"Gesundheits- & Pflegeleistungen - K-TALENT: Holistic Remote Working Solutions","type":"rich","width":600,"height":338,"html":"<blockquote class=\"wp-embedded-content\" data-secret=\"yDWMXKJ1Tr\"><a href=\"https:\/\/kombatalent.com\/de\/fields\/gesundheits-pflegeleistungen\/\">Gesundheits- &#038; Pflegeleistungen<\/a><\/blockquote><iframe sandbox=\"allow-scripts\" security=\"restricted\" src=\"https:\/\/kombatalent.com\/de\/fields\/gesundheits-pflegeleistungen\/embed\/#?secret=yDWMXKJ1Tr\" width=\"600\" height=\"338\" title=\"&#8222;Gesundheits- &#038; Pflegeleistungen&#8220; &#8211; K-TALENT: Holistic Remote Working Solutions\" data-secret=\"yDWMXKJ1Tr\" frameborder=\"0\" marginwidth=\"0\" marginheight=\"0\" scrolling=\"no\" class=\"wp-embedded-content\"><\/iframe><script type=\"text\/javascript\">\n\/* <![CDATA[ *\/\n\/*! This file is auto-generated *\/\n!function(d,l){\"use strict\";l.querySelector&&d.addEventListener&&\"undefined\"!=typeof URL&&(d.wp=d.wp||{},d.wp.receiveEmbedMessage||(d.wp.receiveEmbedMessage=function(e){var t=e.data;if((t||t.secret||t.message||t.value)&&!\/[^a-zA-Z0-9]\/.test(t.secret)){for(var s,r,n,a=l.querySelectorAll('iframe[data-secret=\"'+t.secret+'\"]'),o=l.querySelectorAll('blockquote[data-secret=\"'+t.secret+'\"]'),c=new RegExp(\"^https?:$\",\"i\"),i=0;i<o.length;i++)o[i].style.display=\"none\";for(i=0;i<a.length;i++)s=a[i],e.source===s.contentWindow&&(s.removeAttribute(\"style\"),\"height\"===t.message?(1e3<(r=parseInt(t.value,10))?r=1e3:~~r<200&&(r=200),s.height=r):\"link\"===t.message&&(r=new URL(s.getAttribute(\"src\")),n=new URL(t.value),c.test(n.protocol))&&n.host===r.host&&l.activeElement===s&&(d.top.location.href=t.value))}},d.addEventListener(\"message\",d.wp.receiveEmbedMessage,!1),l.addEventListener(\"DOMContentLoaded\",function(){for(var e,t,s=l.querySelectorAll(\"iframe.wp-embedded-content\"),r=0;r<s.length;r++)(t=(e=s[r]).getAttribute(\"data-secret\"))||(t=Math.random().toString(36).substring(2,12),e.src+=\"#?secret=\"+t,e.setAttribute(\"data-secret\",t)),e.contentWindow.postMessage({message:\"ready\",secret:t},\"*\")},!1)))}(window,document);\n\/* ]]> *\/\n<\/script>\n","description":"[vc_row full_width=&#8220;stretch_row&#8220; css=&#8220;.vc_custom_1730291590078{background-color: #525359 !important;}&#8220; el_class=&#8220;fieldshero&#8220;][vc_column width=&#8220;2\/3&#8243;][vc_column_text css=&#8220;&#8220; el_class=&#8220;fd-title&#8220;] Einstellung von Fachkr\u00e4ften im Gesundheitswesen und in der Pflege [\/vc_column_text][vc_column_text css=&#8220;&#8220; el_class=&#8220;fdheadp&#8220;]Deutschland sieht sich derzeit mit einem erheblichen Mangel an Fachkr\u00e4ften im Gesundheitswesen und in der Pflege in Krankenh\u00e4usern, Kliniken, Altenpflegeeinrichtungen und Rehabilitationszentren konfrontiert. Qualifiziertes Personal im Gesundheitswesen und in der Pflege spielt eine entscheidende Rolle bei der Gew\u00e4hrleistung der Patientensicherheit, der Aufrechterhaltung der Pflegequalit\u00e4t und der Unterst\u00fctzung der Gesamtfunktion medizinischer und pflegerischer Einrichtungen.[\/vc_column_text][\/vc_column][vc_column width=&#8220;1\/3&#8243;][\/vc_column][\/vc_row][vc_row gap=&#8220;30&#8243; css=&#8220;.vc_custom_1730716444556{margin-bottom: 60px !important;border-top-width: 0px !important;border-right-width: 0px !important;border-bottom-width: 0px !important;border-left-width: 0px !important;}&#8220; el_class=&#8220;fieldrowmob mobreverse&#8220;][vc_column width=&#8220;2\/3&#8243; css=&#8220;.vc_custom_1730719810297{margin-bottom: 0px !important;border-top-width: 0px !important;border-right-width: 0px !important;border-bottom-width: 0px !important;border-left-width: 0px !important;padding-right: [&hellip;]"}

[vc_row full_width=&#8220;stretch_row&#8220; css=&#8220;.vc_custom_1730291590078{background-color: #525359 !important;}&#8220; el_class=&#8220;fieldshero&#8220;][vc_column width=&#8220;2/3&#8243;][vc_column_text css=&#8220;&#8220; el_class=&#8220;fd-title&#8220;] Einstellung von Fachkräften im Gesundheitswesen und in der Pflege [/vc_column_text][vc_column_text css=&#8220;&#8220; el_class=&#8220;fdheadp&#8220;]Deutschland sieht sich derzeit mit einem erheblichen Mangel an Fachkräften im Gesundheitswesen und in der Pflege in Krankenhäusern, Kliniken, Altenpflegeeinrichtungen und Rehabilitationszentren konfrontiert. Qualifiziertes Personal im Gesundheitswesen und in der Pflege spielt eine entscheidende Rolle bei der Gewährleistung der Patientensicherheit, der Aufrechterhaltung der Pflegequalität und der Unterstützung der Gesamtfunktion medizinischer und pflegerischer Einrichtungen.[/vc_column_text][/vc_column][vc_column width=&#8220;1/3&#8243;][/vc_column][/vc_row][vc_row gap=&#8220;30&#8243; css=&#8220;.vc_custom_1730716444556{margin-bottom: 60px !important;border-top-width: 0px !important;border-right-width: 0px !important;border-bottom-width: 0px !important;border-left-width: 0px !important;}&#8220; el_class=&#8220;fieldrowmob mobreverse&#8220;][vc_column width=&#8220;2/3&#8243; css=&#8220;.vc_custom_1730719810297{margin-bottom: 0px !important;border-top-width: 0px !important;border-right-width: 0px !important;border-bottom-width: 0px !important;border-left-width: 0px !important;padding-right: [&hellip;]
